7*p + 16 = -3*p. Let d(c) = -c**g + 509*c - 2 - 4 - 517*c. Let h be 0 + (-1 - (0 - -5)). What is d(h)?
6
Let y(m) = -11*m + 32. Let u = 2 - -4. Let o(k) = -4*k + 11. Let c(d) = u*y(d) - 17*o(d). Suppose 0*b = 4*b + 20. Determine c(b).
-5
Let s(p) be the third derivative of -p**6/60 + 4*p**5/15 + p**4/12 - 17*p**3/6 + 440*p**2. What is s(8)?
-1
Let p = -200 - -203. Let s(q) = 5*q**2 + 1. Let j(a) = a**2. Let r(f) = -11*j(f) + 2*s(f). Give r(p).
-7
Let w(i) be the third derivative of -5*i**4/24 - i**2. Let g(v) be the third derivative of v**4/8 + 19*v**3/6 + 16*v**2. Let b be g(-6). Give w(b).
-5
Let a = 323 + -320. Let c(k) = 4*k + 2. What is c(a)?
14
Suppose 8 = -2*v - 6. Let h(i) = -i - 2. Let m(c) = c + 4. Let s(j) = v*h(j) - 4*m(j). Let b be 4/8*2/(-3)*-9. Give s(b).
7
Let q(y) be the second derivative of y**5/20 - 5*y**4/12 - y**3/6 + y**2/2 + 10*y - 27. Give q(5).
-4
Let x(a) be the third derivative of -a**5/30 - 2*a**3 + 13*a**2. Let z(w) be the first derivative of x(w). Let r be (1 - 2) + 0 - -3. Give z(r).
-8
Let u(l) = -l**3 + 4*l**2 - l. Let b(d) = d**3 - d**2 - d + 1. Let t(v) = 2*b(v) + u(v). Let o be t(1). Let s(i) = 3*i - i**2 + 0*i**2 - 5*i. Give s(o).
-8
Let l(s) be the second derivative of s**5/20 - s**4 + 11*s**3/6 + 4*s**2 - 24*s. Give l(11).
8
Let q = -12/5 - -49/10. Let d(z) be the second derivative of -q*z**2 + 0 + 1/12*z**4 + 5/6*z**3 + z. Calculate d(-5).
-5
Let d(g) = -15*g**2 - g - 1. Let v(j) = -j**3 - 11*j**2 + 34*j + 14. Let u be v(-14). Let c = u + -127. Give d(c).
-15
Let t(r) = 2 - 4*r**2 + 3*r**2 - 7*r - r**2 + r**2. What is t(-8)?
-6
Suppose 6*x + 1 - 13 = 0. Let g(r) = -2 + r**x + 16 + r + r**3 - 2*r. Determine g(0).
14
Let o(p) = p**2 + 5*p - 5. Let t(u) = -u - 3*u**3 + 4*u**3 - 4*u**3 + 1 - u**2. Let d(x) = x - 7. Let r be d(8). Let a be t(r). Calculate o(a).
-9
Let p(q) be the first derivative of q**4/4 - q**3/3 - q**2/2 + 169. What is p(0)?
0
Let o = -1470 + 1466. Let z(r) = 3*r + 9. What is z(o)?
-3
Let u(b) = 2*b + 3*b + 284*b**3 - 3*b - 283*b**3 - 7*b**2 - 2. What is u(6)?
-26
Let f(k) = -3*k**3 + 2*k**3 - 198*k**2 + 194*k**2 + 4*k. What is f(-4)?
-16
Let o(c) = -3*c - 1. Suppose -3*y - 9*x + 7*x + 6 = 0, y - 9 = -3*x. Suppose y = -3*l + 5 - 17. Calculate o(l).
11
Let i = 10 + -6. Let y(m) = 3*m + i - 3*m - 2*m - 3*m. Let g be (2 - (3 + 0))*(-5 - -2). What is y(g)?
-11
Let q(o) = -o**3 - 9*o**2 - 7*o + 1. Let w = -42 + 48. Suppose -t + 40 = -w*t. Give q(t).
-7
Suppose 5*h - 1 = 24. Let n(l) = -4 + h + l + 2. Calculate n(7).
10
Let m(z) be the second derivative of z**4/12 - 2*z**3/3 + z**2 - 22*z. What is m(5)?
7
Suppose -3*o = -3*p + 5*p - 36, 0 = -2*p + 6. Suppose 2*a = -u + 15, 40 = 5*a - 4*u + 6*u. Let d(f) = a*f - 5 - 21*f + o*f. What is d(-6)?
1
Let h be (2/7)/((-2)/(-14)). Let i(s) = -48 + 52 + 0*s**h + 2*s**2 + 5*s - s**2. Give i(-4).
0
Suppose 2*r + 19 - 15 = 0. Let w(f) = f**2 - f + 2. Give w(r).
8
Suppose -4*z - r - 7 = 0, 5 = z + 396*r - 398*r. Let a(j) = -23*j - 2. What is a(z)?
21
Let p(s) = -4*s + 17. Let y be p(7). Let j = 15 + y. Let n(a) = 1 - j*a - 3 - a - 3*a - a**2. Determine n(-7).
5
Let t(c) = -c**3 - 7*c**2 - 6*c + 33. Let d be t(-5). Let g(i) = i**2 - 15*i + 16. What is g(d)?
-10
Suppose -7*c - 80 = -2*c. Let p be 2/(-10) + c/(-5). Suppose p*t = -3*t + 18. Let n(u) = u**3 - 4*u**2 + 1. What is n(t)?
-8
Let d(j) = -j + 10. Let y(h) = h**3 - 2*h**2 - 6*h - 3. Let l be y(4). What is d(l)?
5
Let l(j) = -j**2 - 36*j + 125. Let t be l(-39). Let x(d) = -2*d + 20. Let m(n) = -n + 10. Let a(f) = 5*m(f) - 3*x(f). What is a(t)?
-2
Let n(c) be the third derivative of 0 + 0*c - 2*c**2 + 1/120*c**5 - 13/6*c**3 + 1/24*c**4. Let a(u) be the first derivative of n(u). Calculate a(-3).
-2
Suppose 13*a + 89 + 54 = 0. Let f(b) = -4*b - 36. Give f(a).
8
Let j(a) = -5*a - 7*a**2 + 2*a**3 - 2 - 6*a**3 + 2*a**3. Let b(d) = -6*d**3 - 20*d**2 - 14*d - 6. Let s = 35 + -39. Let x(t) = s*b(t) + 11*j(t). Give x(-2).
-4
Let i(p) = -p**2 - p + 1. Let m = 31 + -29. Suppose -k + 0 - m = 3*r, 0 = -r - k. What is i(r)?
1
Suppose -16 = 7*z - 3*z. Let b = z + 6. Let o(x) = 7*x**2 - x - 5 - 6*x**2 + 2*x**2 - b*x**3 + 3. Give o(2).
-8
Suppose 2*t - 43 = 133. Suppose 4*s - t + 28 = 0. Let f(z) = s*z - 32*z - z**2 + 16*z - 3 - 1. What is f(0)?
-4
Let i(s) = -8 - 2*s + 49*s**2 + 0*s + 19 - 48*s**2 - 10. Let b(q) = -q + 1. Let t = 0 + 0. Let n be b(t). Calculate i(n).
0
Suppose -q - 22 = 5*l, 151*l = 148*l - 2*q - 16. Let g(d) = -d**3 - 2*d**2 + 7*d + 5. Calculate g(l).
9
Let w = -22 + 21. Let a(n) = -9*n**3 - 2*n**2 - 2*n - 1. What is a(w)?
8
Let j(x) = 6*x - 42. Let s be j(8). Let b(r) = 2 - 4 + 4 - 4*r + 7. Calculate b(s).
-15
Let m = 15 + -9. Let k(s) = s**3 - 3*s**2 - 8*s + 20. Let i(x) = -3*x**3 + 10*x**2 + 21*x - 57. Let f(t) = 4*i(t) + 11*k(t). What is f(m)?
4
Let k be 1/4 + (-117)/36. Let m be (80/(-15))/8*(-9)/2. Let t(r) = -27 + m*r + 11 + 12 - 4*r. Determine t(k).
-1
Let o = -171 - -354. Let m(a) = -3*a - 183 + o. What is m(-2)?
6
Let c(a) = 16*a + 12*a - 21*a. Let u be (2 - -8)/(-2 + 1). Let w be 6/(-15) + 6/u. Determine c(w).
-7
Let y(v) = 2*v**2 + v. Let t be y(-1). Let k(p) be the third derivative of -5*p**4/24 + 150*p**2. Determine k(t).
-5
Suppose 79*m = 87*m + 24. Let u(g) = 3*g**2 + 4*g + 2. Give u(m).
17
Let b(i) = -318*i**2 - 2*i**3 + 12*i + 324*i**2 - 10*i + 1 + 7 + 3*i**3. Suppose -4*t + 8 = t + a, -3*a = 6. Let z be 6*(t/(-1) - -1). Calculate b(z).
-4
Let w(n) = -10*n + 1. Let k be (3 + 0)/3*6. Let g be ((-17)/51)/((-2)/k). What is w(g)?
-9
Let o(a) be the third derivative of a**6/120 + a**5/15 + a**4/24 - a**3/2 + 109*a**2. Determine o(-3).
3
Let f = -3 + 2. Let o(n) = 3*n**2 - 37*n - 10*n**2 - 57*n + 93*n. Give o(f).
-6
Let h be 5/(-45) - 1278/162. Let x(p) = p**3 + 8*p**2 - p - 1. Give x(h).
7
Let a be -6*(-2 - 15/(-10)). Let o(h) be the first derivative of 3*h**2/2 - 3*h - 5. Give o(a).
6
Let g be (8 - 11)/((-2)/2). Suppose 0 = g*j - 9 - 15. Let s(k) = k**2 - 9*k - 1. What is s(j)?
-9
Let s(o) be the first derivative of o**3/3 - 7*o**2/2 + 18*o - 141. What is s(6)?
12
Let u(s) = 10*s + 6. Let h = 104 - 102. Let x(k) be the third derivative of k**4/8 + k**3/3 - k**2. Let q(p) = h*u(p) - 7*x(p). Give q(-4).
2
Let k(v) = -v - 2. Let y = 299 - 292. Give k(y).
-9
Let s(m) = -4*m - 1 - 4 - m + m**3 - 10*m**2. Let f(h) = -13*h - 11*h**2 + h**3 - 14*h + 21*h - 6. Let a(q) = -4*f(q) + 5*s(q). What is a(6)?
-7
Let n = -635 + 650. Let x(o) = -o - 4. What is x(n)?
-19
Let v be (-22)/(-6) - (-13)/39. Suppose h - 4 = -x, v = 2*h - 0. Let z(q) = 2*q + 4 + 3 - q**2 + x - 6. Determine z(4).
-5
Suppose -2*o = 4*j - 40, 0*o + o - 38 = -4*j. Let l(d) = -2*d**2 + 17*d + 11. What is l(j)?
2
Let w(n) = n**2 + 6*n - 1. Suppose -l + 56 = 3*l. Suppose 7*h = -131 - 2. Let u = h + l. What is w(u)?
-6
Let v(q) = -3*q**2 + 2*q - 4. Suppose 1186*s + 4 = 1188*s. Determine v(s).
-12
Let o(x) = 17*x + 28. Let k(w) = 35*w + 63. Let t(g) = 4*k(g) - 9*o(g). What is t(1)?
-13
Let l be (-5 - (-6 + 6)/(-7)) + -1. Let u(y) = -5*y**2 - 7 + 0*y**2 + y + 4*y - y**3. Calculate u(l).
-1
Let a be -33 + (2 - 5 - -6). Let s be ((-12)/(-10))/((-9)/a). Let l(n) = -n**3 + 4*n**2 - n - 1. What is l(s)?
-5
Suppose 25 = 5*i + 3*g, -2*i = 4*g - 5 - 5. Let y(n) be the first derivative of -n**3/3 + 7*n**2/2 - 7*n + 2. Give y(i).
3
Let v = 476 + -482. Let z(c) = 2*c + 9. Let b(o) = -4*o - 19. Let p(n) = -6*b(n) - 13*z(n). Give p(v).
9
Let b(o) = -o**2 + o + 5. Let f be b(0). Suppose 5*x + 17 = 3*w, 0 = f*x - 5*w + 6 + 9. Let a(n) = -n**3 - 5*n**2 - 4*n + 4. What is a(x)?
4
Suppose 5*f = 46 - 16. Let z(r) = 8*r**2 + 6 - 2 - 19 + 7 + f*r + r**3. Determine z(-7).
-1
Let m(w) = -w**2 - 6*w + 5. Let d(i) = 11*i - 4. Let z be d(-2). Let r = 30 + z. Suppose c + c + 29 = 5*x, 0 = -r*c + 2*x - 34. Calculate m(c).
-2
Let b(r) = 24*r**2 + r - 1. Let z(l) = 2*l**3 + 29*l**2 - 16*l - 14. Let a be z(-15). Give b(a).
24
Let n(o) be the first derivative of o**2 + 7*o - 33. Give n(-4).
-1
Suppose -2*h + 4*t = 18, -8 = -0*h + 2*h - 2*t. Let v(y) be the third derivative of 0 + 1/30*y**5 + 1/15*y**6 + 0*y - 1/24*y**4 + 0*y**3 + y**2. What is v(h)?
9
Let w(p) = 5*p**2 + 0*p**3 + 33*p - 4*p**3 - 34*p - 4 + 5*p**3. Let o(q) = -2*q + 49. Let z be o(27). Give w(z).
1
Let 